{"id":30,"date":"2017-03-04T18:57:32","date_gmt":"2017-03-04T17:57:32","guid":{"rendered":"http:\/\/schnauzervondergrauenprinzessin.de\/?page_id=30"},"modified":"2022-05-29T12:48:31","modified_gmt":"2022-05-29T10:48:31","slug":"2016-unser-a-wurf","status":"publish","type":"page","link":"http:\/\/schnauzervondergrauenprinzessin.de\/?page_id=30","title":{"rendered":"2016 unser A-Wurf"},"content":{"rendered":"\n<pre class=\"wp-block-code\"><code><a href=\"http:\/\/schnauzervondergrauenprinzessin.de\/?page_id=195\" data-type=\"page\" data-id=\"195\">Fotos A-Wurf<\/a><\/code><\/pre>\n\n\n\n<p>Holly vom Wiesensprung und Demba von Viccora (Max genannt) haben am 02.07.2016 Nachwuchs bekommen.<\/p>\n\n\n<figure id=\"attachment_31\" aria-describedby=\"caption-attachment-31\" style=\"width: 300px\" class=\"wp-caption aligncenter\"><img loading=\"lazy\" decoding=\"async\" class=\"wp-image-31 size-medium\" src=\"http:\/\/schnauzervondergrauenprinzessin.de\/wp-content\/uploads\/2017\/03\/20160626_092939-300x169.jpg\" width=\"300\" height=\"169\" srcset=\"http:\/\/schnauzervondergrauenprinzessin.de\/wp-content\/uploads\/2017\/03\/20160626_092939-300x169.jpg 300w, http:\/\/schnauzervondergrauenprinzessin.de\/wp-content\/uploads\/2017\/03\/20160626_092939-768x432.jpg 768w, http:\/\/schnauzervondergrauenprinzessin.de\/wp-content\/uploads\/2017\/03\/20160626_092939-1024x576.jpg 1024w, http:\/\/schnauzervondergrauenprinzessin.de\/wp-content\/uploads\/2017\/03\/20160626_092939-1200x675.jpg 1200w\" sizes=\"auto, (max-width: 300px) 100vw, 300px\" \/><figcaption id=\"caption-attachment-31\" class=\"wp-caption-text\">Holly, die werdende Mama<\/figcaption><\/figure>\n<figure id=\"attachment_32\" aria-describedby=\"caption-attachment-32\" style=\"width: 300px\" class=\"wp-caption aligncenter\"><img loading=\"lazy\" decoding=\"async\" class=\"wp-image-32 size-medium\" src=\"http:\/\/schnauzervondergrauenprinzessin.de\/wp-content\/uploads\/2017\/03\/HOLLY__Ultraschall_bearbeitet-300x235.jpg\" width=\"300\" height=\"235\" srcset=\"http:\/\/schnauzervondergrauenprinzessin.de\/wp-content\/uploads\/2017\/03\/HOLLY__Ultraschall_bearbeitet-300x235.jpg 300w, http:\/\/schnauzervondergrauenprinzessin.de\/wp-content\/uploads\/2017\/03\/HOLLY__Ultraschall_bearbeitet-768x600.jpg 768w, http:\/\/schnauzervondergrauenprinzessin.de\/wp-content\/uploads\/2017\/03\/HOLLY__Ultraschall_bearbeitet.jpg 880w\" sizes=\"auto, (max-width: 300px) 100vw, 300px\" \/><figcaption id=\"caption-attachment-32\" class=\"wp-caption-text\">eine Ultraschallaufnahme vom 25.05.2016<\/figcaption><\/figure>\n<h4>f\u00fcnf s\u00fc\u00dfe Welpen, alles M\u00e4dels, sind am 02.07.2016 auf die Welt gekommen<\/h4>\n<h4>Arabella, Anastasia, Alice, Auguste und Aileen Maja<\/h4>\n\n\n<figure class=\"wp-block-image size-large\"><img loading=\"lazy\" decoding=\"async\" width=\"683\" height=\"1024\" src=\"http:\/\/schnauzervondergrauenprinzessin.de\/wp-content\/uploads\/2021\/04\/20160502_145922-e1617384424165-edited-683x1024.jpg\" alt=\"\" class=\"wp-image-248\" srcset=\"http:\/\/schnauzervondergrauenprinzessin.de\/wp-content\/uploads\/2021\/04\/20160502_145922-e1617384424165-edited-683x1024.jpg 683w, http:\/\/schnauzervondergrauenprinzessin.de\/wp-content\/uploads\/2021\/04\/20160502_145922-e1617384424165-edited-200x300.jpg 200w, http:\/\/schnauzervondergrauenprinzessin.de\/wp-content\/uploads\/2021\/04\/20160502_145922-e1617384424165-edited-100x150.jpg 100w, http:\/\/schnauzervondergrauenprinzessin.de\/wp-content\/uploads\/2021\/04\/20160502_145922-e1617384424165-edited-768x1152.jpg 768w, http:\/\/schnauzervondergrauenprinzessin.de\/wp-content\/uploads\/2021\/04\/20160502_145922-e1617384424165-edited-1024x1536.jpg 1024w, http:\/\/schnauzervondergrauenprinzessin.de\/wp-content\/uploads\/2021\/04\/20160502_145922-e1617384424165-edited-1366x2048.jpg 1366w, http:\/\/schnauzervondergrauenprinzessin.de\/wp-content\/uploads\/2021\/04\/20160502_145922-e1617384424165-edited-scaled-e1617384717497.jpg 600w\" sizes=\"auto, (max-width: 683px) 100vw, 683px\" \/><figcaption>Demba (Max) von Viccora<\/figcaption><\/figure>\n\n\n\n<figure class=\"wp-block-image size-large\"><img loading=\"lazy\" decoding=\"async\" width=\"1024\" height=\"576\" src=\"http:\/\/schnauzervondergrauenprinzessin.de\/wp-content\/uploads\/2017\/03\/20160502_194310-1024x576.jpg\" alt=\"\" class=\"wp-image-25\" srcset=\"http:\/\/schnauzervondergrauenprinzessin.de\/wp-content\/uploads\/2017\/03\/20160502_194310-1024x576.jpg 1024w, http:\/\/schnauzervondergrauenprinzessin.de\/wp-content\/uploads\/2017\/03\/20160502_194310-300x169.jpg 300w, http:\/\/schnauzervondergrauenprinzessin.de\/wp-content\/uploads\/2017\/03\/20160502_194310-768x432.jpg 768w, http:\/\/schnauzervondergrauenprinzessin.de\/wp-content\/uploads\/2017\/03\/20160502_194310-1200x675.jpg 1200w\" sizes=\"auto, (max-width: 767px) 89vw, (max-width: 1000px) 54vw, (max-width: 1071px) 543px, 580px\" \/><figcaption>Holly vom Wiesensprung<\/figcaption><\/figure>\n\n\n\n<p><\/p>\n","protected":false},"excerpt":{"rendered":"<p>Holly vom Wiesensprung und Demba von Viccora (Max genannt) haben am 02.07.2016 Nachwuchs bekommen. f\u00fcnf s\u00fc\u00dfe Welpen, alles M\u00e4dels, sind am 02.07.2016 auf die Welt gekommen Arabella, Anastasia, Alice, Auguste und Aileen Maja<\/p>\n","protected":false},"author":1,"featured_media":0,"parent":23,"menu_order":1,"comment_status":"closed","ping_status":"closed","template":"","meta":{"footnotes":""},"class_list":["post-30","page","type-page","status-publish","hentry"],"_links":{"self":[{"href":"http:\/\/schnauzervondergrauenprinzessin.de\/index.php?rest_route=\/wp\/v2\/pages\/30","targetHints":{"allow":["GET"]}}],"collection":[{"href":"http:\/\/schnauzervondergrauenprinzessin.de\/index.php?rest_route=\/wp\/v2\/pages"}],"about":[{"href":"http:\/\/schnauzervondergrauenprinzessin.de\/index.php?rest_route=\/wp\/v2\/types\/page"}],"author":[{"embeddable":true,"href":"http:\/\/schnauzervondergrauenprinzessin.de\/index.php?rest_route=\/wp\/v2\/users\/1"}],"replies":[{"embeddable":true,"href":"http:\/\/schnauzervondergrauenprinzessin.de\/index.php?rest_route=%2Fwp%2Fv2%2Fcomments&post=30"}],"version-history":[{"count":11,"href":"http:\/\/schnauzervondergrauenprinzessin.de\/index.php?rest_route=\/wp\/v2\/pages\/30\/revisions"}],"predecessor-version":[{"id":314,"href":"http:\/\/schnauzervondergrauenprinzessin.de\/index.php?rest_route=\/wp\/v2\/pages\/30\/revisions\/314"}],"up":[{"embeddable":true,"href":"http:\/\/schnauzervondergrauenprinzessin.de\/index.php?rest_route=\/wp\/v2\/pages\/23"}],"wp:attachment":[{"href":"http:\/\/schnauzervondergrauenprinzessin.de\/index.php?rest_route=%2Fwp%2Fv2%2Fmedia&parent=30"}],"curies":[{"name":"wp","href":"https:\/\/api.w.org\/{rel}","templated":true}]}}